{"id":121,"date":"2025-02-07T11:36:29","date_gmt":"2025-02-07T11:36:29","guid":{"rendered":"https:\/\/lahdc.pt\/home\/?page_id=121"},"modified":"2025-03-24T19:23:34","modified_gmt":"2025-03-24T19:23:34","slug":"resolucao-alternativa-de-litigios-ral","status":"publish","type":"page","link":"https:\/\/lahdc.pt\/home\/resolucao-alternativa-de-litigios-ral\/","title":{"rendered":"Resolu\u00e7\u00e3o Alternativa de Lit\u00edgios (RAL)"},"content":{"rendered":"\t\t<div data-elementor-type=\"wp-page\" data-elementor-id=\"121\" class=\"elementor elementor-121\">\n\t\t\t\t<div class=\"elementor-element elementor-element-abd0262 e-flex e-con-boxed e-con e-parent\" data-id=\"abd0262\" data-element_type=\"container\" data-settings=\"{&quot;background_background&quot;:&quot;classic&quot;}\">\n\t\t\t\t\t<div class=\"e-con-inner\">\n\t\t\t\t<div class=\"elementor-element elementor-element-0f9bc9c elementor-widget elementor-widget-heading\" data-id=\"0f9bc9c\" data-element_type=\"widget\" data-widget_type=\"heading.default\">\n\t\t\t\t<div class=\"elementor-widget-container\">\n\t\t\t\t\t<h2 class=\"elementor-heading-title elementor-size-default\">Resolu\u00e7\u00e3o Alternativa de Lit\u00edgios (RAL)<\/h2>\t\t\t\t<\/div>\n\t\t\t\t<\/div>\n\t\t\t\t\t<\/div>\n\t\t\t\t<\/div>\n\t\t<div class=\"elementor-element elementor-element-70ebdc7 e-flex e-con-boxed e-con e-parent\" data-id=\"70ebdc7\" data-element_type=\"container\">\n\t\t\t\t\t<div class=\"e-con-inner\">\n\t\t<div class=\"elementor-element elementor-element-b9d078d e-con-full e-flex e-con e-child\" data-id=\"b9d078d\" data-element_type=\"container\">\n\t\t<div class=\"elementor-element elementor-element-a992996 e-con-full e-flex e-con e-child\" data-id=\"a992996\" data-element_type=\"container\">\n\t\t\t\t<div class=\"elementor-element elementor-element-52e61eb elementor-widget elementor-widget-text-editor\" data-id=\"52e61eb\" data-element_type=\"widget\" data-widget_type=\"text-editor.default\">\n\t\t\t\t<div class=\"elementor-widget-container\">\n\t\t\t\t\t\t\t\t\t<p>Nos termos do art.\u00ba 18.\u00ba da Lei n.\u00ba 144\/2015, de 8 de setembro, informa-se que, em caso de lit\u00edgio ou insatisfa\u00e7\u00e3o com o servi\u00e7o ou produto disponibilizado, o consumidor poder\u00e1 recorrer a uma das entidades de Resolu\u00e7\u00e3o Alternativa de Lit\u00edgios de Consumo.<\/p>\t\t\t\t\t\t\t\t<\/div>\n\t\t\t\t<\/div>\n\t\t\t\t<\/div>\n\t\t\t\t<\/div>\n\t\t\t\t\t<\/div>\n\t\t\t\t<\/div>\n\t\t\t\t<\/div>\n\t\t","protected":false},"excerpt":{"rendered":"<p>Resolu\u00e7\u00e3o Alternativa de Lit\u00edgios (RAL) Nos termos do art.\u00ba 18.\u00ba da Lei n.\u00ba 144\/2015, de 8 de setembro, informa-se que, em caso de lit\u00edgio ou insatisfa\u00e7\u00e3o com o servi\u00e7o ou produto disponibilizado, o consumidor poder\u00e1 recorrer a uma das entidades de Resolu\u00e7\u00e3o Alternativa de Lit\u00edgios de Consumo.<\/p>\n","protected":false},"author":1,"featured_media":0,"parent":0,"menu_order":0,"comment_status":"closed","ping_status":"closed","template":"elementor_header_footer","meta":{"footnotes":""},"class_list":["post-121","page","type-page","status-publish","hentry"],"_links":{"self":[{"href":"https:\/\/lahdc.pt\/home\/wp-json\/wp\/v2\/pages\/121","targetHints":{"allow":["GET"]}}],"collection":[{"href":"https:\/\/lahdc.pt\/home\/wp-json\/wp\/v2\/pages"}],"about":[{"href":"https:\/\/lahdc.pt\/home\/wp-json\/wp\/v2\/types\/page"}],"author":[{"embeddable":true,"href":"https:\/\/lahdc.pt\/home\/wp-json\/wp\/v2\/users\/1"}],"replies":[{"embeddable":true,"href":"https:\/\/lahdc.pt\/home\/wp-json\/wp\/v2\/comments?post=121"}],"version-history":[{"count":16,"href":"https:\/\/lahdc.pt\/home\/wp-json\/wp\/v2\/pages\/121\/revisions"}],"predecessor-version":[{"id":980,"href":"https:\/\/lahdc.pt\/home\/wp-json\/wp\/v2\/pages\/121\/revisions\/980"}],"wp:attachment":[{"href":"https:\/\/lahdc.pt\/home\/wp-json\/wp\/v2\/media?parent=121"}],"curies":[{"name":"wp","href":"https:\/\/api.w.org\/{rel}","templated":true}]}}